at is -2 - -c8?
c6
In base 5, what is -2 + 44214?
44212
In base 11, what is -1 + -5530?
-5531
In base 15, what is -a8 + 0?
-a8
In base 15, what is 4 - 5a?
-56
In base 2, what is 11 - -111011110?
111100001
In base 12, what is -5b - -43?
-18
In base 15, what is -411 - 4?
-415
In base 14, what is -6 - 5d1?
-5d7
In base 14, what is -4 - 27?
-2b
In base 5, what is 403 - -2?
410
In base 6, what is -2 + -4202?
-4204
In base 7, what is 10064 + -6?
10055
In base 14, what is 2 - -2?
4
In base 8, what is 153 - 2?
151
In base 16, what is -82 + -21?
-a3
In base 7, what is -3 - -4341?
4335
In base 15, what is 8 - -6?
e
In base 9, what is 0 - 138?
-138
In base 3, what is -11002112 - 11?
-11002200
In base 8, what is -10 + 14?
4
In base 12, what is 165 + 1?
166
In base 8, what is 0 + 46?
46
In base 16, what is 1df4 - 5?
1def
In base 11, what is 5 - 10a7?
-10a2
In base 3, what is -2 + 1112200?
1112121
In base 6, what is 1 + -142?
-141
In base 10, what is -9 - 17?
-26
In base 4, what is -1003 + 0?
-1003
In base 14, what is -13b - -17?
-124
In base 4, what is -2133 + -10?
-2203
In base 12, what is 1120 + 0?
1120
In base 2, what is 100011 + 0?
100011
In base 3, what is 120 - 112?
1
In base 2, what is 1 - 10000100110?
-10000100101
In base 13, what is -11 + -a?
-1b
In base 4, what is 10 + -23?
-13
In base 9, what is 25 - 11?
14
In base 2, what is 100110011011 + -101?
100110010110
In base 8, what is 142 - -1?
143
In base 2, what is 1 - -1101?
1110
In base 4, what is -20 - 32?
-112
In base 2, what is 1000 - -1010111?
1011111
In base 5, what is -223413 + -10?
-223423
In base 14, what is 2 + -ac2?
-ac0
In base 14, what is 4bb - -2?
4bd
In base 16, what is -3 + a?
7
In base 7, what is 31 - -30?
61
In base 8, what is 514 - -3?
517
In base 15, what is 821 + -4?
81c
In base 10, what is -60 - 2?
-62
In base 11, what is -155 - 12?
-167
In base 15, what is -30 - -4?
-2b
In base 4, what is 21300 - 2?
21232
In base 8, what is -11 + 1?
-10
In base 5, what is 12044 + 4?
12103
In base 16, what is 1c6 - 2?
1c4
In base 2, what is 1100001101 + 11?
1100010000
In base 9, what is 6 + -28?
-22
In base 6, what is -30 + -2104?
-2134
In base 15, what is -26 + 1?
-25
In base 6, what is -3042 - -4?
-3034
In base 11, what is -5 - 33?
-38
In base 6, what is -13 - -12?
-1
In base 16, what is e - -24?
32
In base 4, what is -31021 - -2?
-31013
In base 6, what is -5 + -202?
-211
In base 14, what is 1192 - 1?
1191
In base 15, what is 5 + -112?
-10c
In base 8, what is -41 + -5?
-46
In base 11, what is 0 - 6?
-6
In base 8, what is 6 - -1062?
1070
In base 13, what is -1 + 53?
52
In base 12, what is 5 - -17?
20
In base 13, what is -1 + -35a0?
-35a1
In base 9, what is -1341 - 3?
-1344
In base 12, what is -5 + -97?
-a0
In base 8, what is 1457 + -17?
1440
In base 7, what is 13 + -52?
-36
In base 16, what is 2 + -16a?
-168
In base 2, what is 1010010011 + 110?
1010011001
In base 2, what is 10010110 - -101?
10011011
In base 9, what is 2 - 37?
-35
In base 13, what is -23 - 15?
-38
In base 9, what is -5 - -77?
72
In base 3, what is 2021 - 0?
2021
In base 11, what is 7 + 95?
a1
In base 13, what is 8 - -1?
9
In base 10, what is 3 + -604?
-601
In base 4, what is 1 + 12203?
12210
In base 16, what is -116 - -8?
-10e
In base 6, what is -3 + 52312?
52305
In base 16, what is 181 - 1c?
165
In base 12, what is 40b + 3?
412
In base 9, what is 0 + -2240?
-2240
In base 15, what is -133 + -2?
-135
In base 9, what is 2 + -16?
-14
In base 9, what is -1 + -206?
-207
In base 4, what is -32232 + 0?
-32232
In base 16, what is 2 - -4b7?
4b9
In base 11, what is -9 + 44?
36
In base 5, what is 4212 - -3?
4220
In base 16, what is -2 - 4b4?
-4b6
In base 7, what is -12425 - 3?
-12431
In base 15, what is 5 + 1a?
20
In base 14, what is 3 - 39?
-36
In base 5, what is 14143 - -1?
14144
In base 14, what is 16 - -57?
6d
In base 11, what is -801a - -4?
-8016
In base 10, what is 1830 + 2?
1832
In base 3, what is -21120221 + 12?
-21120202
In base 12, what is 726 + 4?
72a
In base 5, what is 200001 - 2?
144444
In base 4, what is -110112 - -1?
-110111
In base 9, what is -2 + 387?
385
In base 13, what is 2c - -3?
32
In base 8, what is 505 - -15?
522
In base 12, what is -8 - 105?
-111
In base 10, what is 18 + 15?
33
In base 16, what is -1fc2 - 0?
-1fc2
In base 14, what is 4 + 38?
3c
In base 13, what is 12b + -4?
127
In base 4, what is 12113 - 23?
12030
In base 13, what is 56 - -5?
5b
In base 16, what is -387 + 2?
-385
In base 4, what is -1 - -23200?
23133
In base 2, what is -1 + -101011101111?
-101011110000
In base 2, what is -10111011 + -101?
-11000000
In base 14, what is -4 - 958?
-95c
In base 7, what is 2 - -2000?
2002
In base 11, what is 14 - -17?
30
In base 6, what is -3 - -51?
44
In base 12, what is 311 + -17?
2b6
In base 15, what is 5 - -824?
829
In base 8, what is 10 + 33?
43
In base 7, what is 104542 - 2?
104540
In base 3, what is -202 - -11102?
10200
In base 10, what is 101 - 142?
-41
In base 2, what is 10010011111 + -10?
10010011101
In base 3, what is -220112 - -2?
-220110
In base 9, what is 0 + 3623?
3623
In base 15, what is -11c - -9?
-113
In base 15, what is 72 + 4?
76
In base 9, what is -115 + -5?
-121
In base 8, what is 20 + -6?
12
In base 2, what is 100110 + 10000?
110110
In base 5, what is -3 + 33332?
33324
In base 16, what is 1 + 23?
24
In base 3, what is -1202212 + 0?
-1202212
In base 8, what is -1710 + -1?
-1711
In base 13, what is -14 - -a1?
8a
In base 15, what is 1b8 + -5?
1b3
In base 2, what is 101 + 1010101010?
1010101111
In base 5, what is 1330 + 42?
1422
In base 2, what is -100 - -1010110?
1010010
In base 15, what is 186 - -c?
193
In base 2, what is -10 - 1000100010?
-1000100100
In base 5, what is 3024 - 31?
2443
In base 9, what is 81 + -15?
65
In base 6, what is 4 + -30?
-22
In base 4, what is -33 + 1213?
1120
In base 14, what is -1d1 + -3?
-1d4
In base 6, what is 353 - 10?
343
In base 3, what is 10 - 121?
-111
In base 5, what is 3 - -10330?
10333
In base 7, what is 124 - 4?
120
In base 9, what is -664 + 5?
-658
In base 15, what is -24 - -1?
-23
In base 9, what is -12 + 5?
-6
In base 7, what is 10 - 31?
-21
In base 3, what is 1221 + 12021?
21012
In base 4, what is -201113 - -23?
-201030
In base 4, what is 0 - 221?
-221
In base 3, what is -1 - 111?
-112
In base 10, what is -239 - 21?
-260
In base 8, what is -13 + -1622?
-1635
In base 7, what is 20 - 150?
-130
In base 2, what is 10011 + -1000?
1011
In base 12, what is -1a + -7?
-25
In base 6, what is -10 - -1?
-5
In base 4, what is 11 - -33110?
33121
In base 5, what is -10 - 3?
-13
In base 9, what is -1 - -41?
40
In base 9, what is 0 - -485?
485
In base 10, what is 938 + -8?
930
In base 16, what is -24 - 67?
-8b
In base 3, what is 100 + -101?
-1
In base 12, what is -3 - -2231?
222a
In base 3, what is -10102 - 11?
-10120
In base 2, what is -1 - -1001000?
1000111
In base 12, what is 85 - 16?
6b
In base 5, what is 4 - 123?
-114
In base 14, what is 2 + 30?
32
In base 14, what is 9bd + 1?
9c0
In base 16, what is 2b + -10?
1b
In base 7, what is -24135 - 0?
-24135
In base 4, what is 12 + 31?
103
In base 2, what is -1110111011001 + 100?
-1110111010101
In base 4, what is -1 + -3033?
-3100
In base 10, what is 225 + -3?
222
In base 2, what is 1 - 1000011?
-1000010
In base 16, what is 1220 - -5?
1225
In base 14, what is dd8 - -3?
ddb
In base 7, what is 13 - 51?
-35
In base 13, what is -4 - -8?
4
In base 13, what is 27 - -9?
33
In base 10, what is -1 - 1080?
-1081
In base 15, what is 1a88 + 4?
1a8c
In base 6, what is 5532 - -5?
5541
In base 13, what is -23 + -2?
-25
In base 15, what is 68 + 1?
69
In base 16, what is 2 - -a91?
a93
In base 13, what is 4 - -673?
677
In base 13, what is -7a + -3?
-80
In base 14, what is 335 - -2?
337
In base 16, what is -3 + -37?
-3a
In base 5, what is -12 - -20?
3
In base 4, what is 3 - -230?
233
In base 10, what is 215 + 5?
220
In base 2, what is 111010 + -1?
111001
In base 9, what is -13 - -11?
-2
In base 3, what is -1 - 1102?
-1110
In base 14, what is 7 - 18?
-11
In base 4, what is -2 + -2000?
-2002
In base 9, what is 4 - 114?
-110
In base 10, what is 57 - -40?
97
In base 2, what is 1100000000 + 101?
1100000101
In base 4, what is -11 + 2102?
2031
In base 11, what is 5 - 27?
-22
In base 4, what is -2 - -30001?
23333
In base 9, what is -10 + 360?
350
In